 3?
1122
What is -4a (base 11) in base 7?
-105
Convert 32 (base 4) to base 15.
e
-20 (base 13) to base 4
-122
Convert -b (base 13) to base 5.
-21
-4 (base 5) to base 13
-4
5 (base 11) to base 3
12
What is -4 (base 14) in base 15?
-4
What is 0 (base 13) in base 9?
0
What is 65 (base 10) in base 7?
122
What is 100 (base 4) in base 7?
22
-2022 (base 4) to base 15
-93
What is 0 (base 13) in base 5?
0
Convert 1 (base 7) to base 9.
1
What is 7 (base 14) in base 11?
7
Convert 48 (base 12) to base 6.
132
What is 15 (base 8) in base 13?
10
What is de (base 15) in base 3?
21202
Convert -b (base 15) to base 12.
-b
Convert -1100 (base 2) to base 9.
-13
What is 122 (base 5) in base 12?
31
522 (base 6) to base 11
167
-236 (base 7) to base 14
-8d
What is 11 (base 16) in base 13?
14
Convert 1 (base 11) to base 13.
1
Convert 35 (base 12) to base 4.
221
-51 (base 14) to base 3
-2122
-22 (base 10) to base 4
-112
-1 (base 16) to base 7
-1
12 (base 12) to base 9
15
Convert 30 (base 13) to base 6.
103
11 (base 4) to base 16
5
What is 3 (base 9) in base 11?
3
100 (base 2) to base 6
4
1010 (base 2) to base 16
a
What is -2 (base 6) in base 12?
-2
What is 131 (base 7) in base 4?
1013
What is -12 (base 3) in base 10?
-5
Convert 110 (base 5) to base 4.
132
-11210 (base 3) to base 5
-1004
5 (base 10) to base 4
11
What is -62 (base 8) in base 14?
-38
-1 (base 9) to base 15
-1
Convert -28 (base 10) to base 16.
-1c
Convert -30 (base 8) to base 3.
-220
What is -1 (base 15) in base 7?
-1
-234 (base 6) to base 2
-1011110
Convert -13 (base 8) to base 3.
-102
233 (base 4) to base 11
43
What is -49 (base 10) in base 8?
-61
Convert 2 (base 9) to base 2.
10
Convert 4 (base 15) to base 7.
4
Convert -2 (base 16) to base 11.
-2
134 (base 10) to base 3
11222
What is 33 (base 10) in base 4?
201
-1a5 (base 13) to base 6
-1224
What is -50 (base 8) in base 12?
-34
Convert -6 (base 13) to base 10.
-6
Convert -12 (base 9) to base 7.
-14
-101001 (base 2) to base 3
-1112
-2b (base 16) to base 9
-47
What is -1 (base 6) in base 2?
-1
-4 (base 13) to base 7
-4
What is 2 (base 4) in base 7?
2
What is 10111 (base 2) in base 10?
23
What is 3b (base 12) in base 15?
32
-9 (base 15) to base 2
-1001
Convert -1b (base 16) to base 8.
-33
What is -21 (base 13) in base 16?
-1b
Convert -1111 (base 2) to base 16.
-f
Convert -10 (base 5) to base 3.
-12
Convert 15 (base 12) to base 5.
32
Convert 3 (base 13) to base 4.
3
What is -4a (base 15) in base 4?
-1012
What is 21 (base 7) in base 4?
33
What is 1002 (base 3) in base 10?
29
Convert 121 (base 9) to base 4.
1210
What is -2 (base 12) in base 4?
-2
Convert -3 (base 9) to base 14.
-3
2 (base 15) to base 10
2
What is e (base 16) in base 15?
e
3f (base 16) to base 11
58
Convert 111011 (base 2) to base 12.
4b
-153 (base 6) to base 3
-2120
What is 21 (base 7) in base 14?
11
Convert 224 (base 7) to base 16.
74
What is -140 (base 6) in base 2?
-111100
Convert 20 (base 6) to base 7.
15
Convert -5 (base 13) to base 6.
-5
Convert -151 (base 6) to base 4.
-1003
Convert 1 (base 8) to base 4.
1
What is -63 (base 9) in base 4?
-321
Convert 11112 (base 3) to base 5.
442
0 (base 8) to base 10
0
-1 (base 9) to base 11
-1
What is 17 (base 12) in base 10?
19
10 (base 6) to base 12
6
1015 (base 6) to base 16
e3
What is -169 (base 11) in base 4?
-3010
What is 2 (base 12) in base 15?
2
Convert -101 (base 3) to base 9.
-11
1010 (base 2) to base 12
a
What is 101001 (base 2) in base 10?
41
Convert -11010000 (base 2) to base 15.
-dd
What is 18 (base 12) in base 6?
32
What is -24 (base 10) in base 16?
-18
Convert -8 (base 10) to base 4.
-20
-1 (base 12) to base 3
-1
What is c (base 15) in base 10?
12
Convert 11110 (base 2) to base 10.
30
Convert 30 (base 9) to base 7.
36
What is -5 (base 10) in base 9?
-5
What is -18 (base 12) in base 3?
-202
Convert -330 (base 6) to base 11.
-105
Convert -d (base 16) to base 8.
-15
Convert 5 (base 14) to base 13.
5
What is 9 (base 11) in base 16?
9
Convert -126 (base 8) to base 3.
-10012
What is 27 (base 13) in base 10?
33
23 (base 9) to base 12
19
5 (base 15) to base 4
11
Convert -3 (base 12) to base 15.
-3
-2 (base 15) to base 6
-2
-106 (base 9) to base 2
-1010111
Convert -30 (base 6) to base 5.
-33
What is -8 (base 11) in base 13?
-8
Convert 11 (base 2) to base 8.
3
What is -27 (base 13) in base 16?
-21
What is 0 (base 13) in base 10?
0
2 (base 6) to base 13
2
What is -1 (base 7) in base 6?
-1
What is 4 (base 15) in base 5?
4
233 (base 6) to base 3
10110
What is -10 (base 3) in base 5?
-3
Convert 1 (base 11) to base 6.
1
10 (base 13) to base 4
31
Convert 172 (base 9) to base 7.
266
Convert -132 (base 6) to base 4.
-320
What is 8 (base 9) in base 6?
12
What is -122 (base 3) in base 11?
-16
What is -48 (base 10) in base 12?
-40
What is -27 (base 9) in base 8?
-31
1c (base 14) to base 12
22
What is -11 (base 12) in base 16?
-d
What is 12222 (base 3) in base 6?
425
What is 213 (base 4) in base 7?
54
Convert -202 (base 3) to base 12.
-18
1240 (base 5) to base 11
168
Convert -32 (base 5) to base 14.
-13
31 (base 5) to base 10
16
4 (base 5) to base 3
11
1 (base 5) to base 12
1
What is 1203 (base 5) in base 14?
ca
-3c (base 16) to base 15
-40
Convert 2144 (base 5) to base 6.
1215
What is 2 (base 6) in base 2?
10
Convert -1224 (base 5) to base 13.
-117
Convert -11 (base 4) to base 7.
-5
-230 (base 5) to base 9
-72
Convert -10 (base 6) to base 9.
-6
8 (base 10) to base 15
8
0 (base 8) to base 2
0
What is -10 (base 6) in base 7?
-6
What is 121 (base 3) in base 10?
16
Convert -100 (base 3) to base 6.
-13
2 (base 3) to base 16
2
What is -211 (base 3) in base 12?
-1a
1000001 (base 2) to base 7
122
Convert -1 (base 14) to base 7.
-1
Convert -10 (base 13) to base 11.
-12
Convert 88 (base 10) to base 5.
323
-13 (base 12) to base 5
-30
What is 11 (base 16) in base 13?
14
What is 10 (base 8) in base 9?
8
Convert 0 (base 2) to base 15.
0
Convert -17 (base 9) to base 7.
-22
-1001111 (base 2) to base 9
-87
-7 (base 15) to base 11
-7
Convert -11 (base 14) to base 4.
-33
Convert -e (base 15) to base 16.
-e
Convert -12 (base 5) to base 9.
-7
What is -3 (base 16) in base 10?
-3
Convert 11 (base 3) to base 2.
100
What is -3 (base 15) in base 2?
-11
What is 21 (base 15) in base 10?
31
42 (base 13) to base 6
130
221 (base 6) to base 5
320
What is 1 (base 10) in base 2?
1
What is -31 (base 9) in base 16?
-1c
What is -5 (base 9) in base 7?
-5
What is -3011 (base 4) in base 7?
-401
Convert -4 (base 6) to base 13.
-4
Convert -1 (base 13) to base 15.
-1
Convert 1 (base 10) to base 5.
1
What is -47 (base 9) in base 2?
-101011
Convert 3033 (base 5) to base 11.
328
Convert -5 (base 14) to base 5.
-10
Convert -110 (base 2) to base 15.
-6
Convert -110001 (base 2) to base 7.
-100
Convert 2 (base 15) to base 8.
2
What is 4c (base 16) in base 10?
76
-1311 (base 4) to base 13
-90
-6 (base 7) to base 5
-11
What is 1 (base 3) in base 8?
1
What is 100 (base 5) in base 16?
19
-8 (base 11) to base 2
-1000
0 (base 9) to base 10
0
Convert -21 (base 7) to base 8.
-17
What is 201 (base 3) in base 6?
31
-100 (base 10) to base 3
-10201
What is 7 (base 10) in base 15?
7
-2 (base 7) to base 5
-2
Convert -41 (base 14) to base 12.
-49
-43 (base 6) to base 7
-36
What is -20110 (base 3) in base 2?
-10101110
-2 (base 14) to base 2
-10
-4 (base 16) to base 2
-100
Convert 1e (base 16) to base 15.
20
Convert -7 (base 8) to base 16.
-7
What is -3 (base 4) in base 11?
-3
0 (base 8) to base 2
0
What is -21 (base 5) in base 4?
-23
Convert 2 (base 12) to base 4.
2
What is 1000 (base 2) in base 15?
8
What is -14 (base 13) in base 4?
-101
Convert 14 (base 5) to base 4.
21
What is 2a (base 12) in base 15?
24
What is -1210 (base 3) in base 2?
-110000
What is -c (base 16) in base 2?
-1100
What is 12 (base 4) in base 16?
6
What is -20 (base 14) in base 7?
-40
Convert -3 (base 9) to base 2.
-11
-7 (base 13) to base 12
-7
Convert -1111 (base 2) to base 8.
-17
-4a (base 14) to base 4
-1002
Convert 8 (base 9) to base 10.
8
Convert -14 (base 16) to base 7.
-26
Convert -49 (base 13) to base 9.
-67
32 (base 5) to base 15
12
-101 (base 2) to base 12
-5
-34 (base 7) to base 3
-221
What is 4 (base 5) in base 13?
4
-10 (base 7) to base 16
-7
What is 13 (base 7) in base 13?
a
What is 2 (base 7) in base 4?
2
312 (base 5) to base 7
1